{"id":2884,"date":"2023-01-30T20:17:39","date_gmt":"2023-01-30T18:17:39","guid":{"rendered":"http:\/\/schule-fischbach.ch\/site\/?page_id=2884"},"modified":"2025-10-28T11:21:04","modified_gmt":"2025-10-28T09:21:04","slug":"eine-musikschule-fuer-die-ganze-regionmusikschule","status":"publish","type":"page","link":"http:\/\/schule-fischbach.ch\/site\/index.php\/unsere-schule\/eine-musikschule-fuer-die-ganze-regionmusikschule\/","title":{"rendered":"Musikschule"},"content":{"rendered":"\n<p><strong>Eine Musikschule f\u00fcr die ganze Region!<\/strong> <\/p>\n\n\n\n<figure class=\"wp-block-image size-full is-resized\"><img loading=\"lazy\" decoding=\"async\" width=\"296\" height=\"314\" src=\"http:\/\/schule-fischbach.ch\/site\/wp-content\/uploads\/2023\/01\/Muskschule.jpg\" alt=\"\" class=\"wp-image-2894\" style=\"width:162px;height:172px\" srcset=\"http:\/\/schule-fischbach.ch\/site\/wp-content\/uploads\/2023\/01\/Muskschule.jpg 296w, http:\/\/schule-fischbach.ch\/site\/wp-content\/uploads\/2023\/01\/Muskschule-283x300.jpg 283w\" sizes=\"auto, (max-width: 296px) 100vw, 296px\" \/><\/figure>\n\n\n\n<p>Per 1. August 2022 haben sich die Musikschulen Hergiswil-Menznau, Region Sch\u00f6tz und Luzerner Hinterland der Musikschule Region Willisau angeschlossen. Dem Gemeindeverband der Musikschule Region Willisau geh\u00f6ren folgende Gemeinden an:<\/p>\n\n\n\n<p>Alberswil, Altb\u00fcron, Egolzwil, Ettiswil, Fischbach, Grossdietwil, Hergiswil b.W., Luthern, Menznau, Sch\u00f6tz, Ufhusen, Willisau und Zell.<\/p>\n\n\n\n<p>Die Musikschule ist der Verbandsleitung sowie der Delegiertenversammlung, mit Vertretern aus den jeweiligen Gemeinden, unterstellt. Geleitet wird die Musikschule von den Musikschulleitern Franz Gehrig, Claudia Muri und Simon Gertschen. Unterst\u00fctzt werden sie auf der Administration von Irene Dobmann, Edith Egli-von Moos und Mireille Gehrig.<\/p>\n\n\n\n<p><strong>Schulprogramm<\/strong><\/p>\n\n\n\n<p>Die Musikschule bietet diverse M\u00f6glichkeiten zum einzelnen und gemeinsamen Musizieren. Dabei sind klein und gross sowie Junge und Junggebliebene herzlich willkommen. Ganz nach unserem Motto, \u00abEine Musikschule f\u00fcr die ganze Region!\u00bb, stehen unsere Angebote der gesamten Bev\u00f6lkerung aus den 13 angrenzenden Gemeinden offen.<\/p>\n\n\n\n<p>Bei den Instrumenten weisen wir eine grosse Vielfalt auf, von A wie Akkordeon bis X wie Xylophon. Und auch bei den Ensembles k\u00f6nnen wir vom Akkordeonorchester bis zu den Vocals eine grosse Auswahl anbieten.<\/p>\n\n\n\n<p>Das Schulprogramm der Musikschule wird abgerundet durch das Eltern-Kind-Singen, diverse Angebote im Bereich der Musik und Bewegung sowie Erwachsenenunterricht.<\/p>\n\n\n\n<p><strong>Kontakt<\/strong><\/p>\n\n\n\n<p>Bei Fragen helfen wir Ihnen gerne weiter. Auch k\u00f6nnen Sie sich auf der Homepage der Musikschule Region Willisau informieren. Wir freuen uns \u00fcber jede neue Musikantin und jeden neuen Musikant!<\/p>\n\n\n\n<p>Musikschule Region Willisau, Hauptgasse 13, 6130 Willisau<\/p>\n\n\n\n<p>Telefon: &nbsp;&nbsp;&nbsp;&nbsp;&nbsp;&nbsp;&nbsp;&nbsp;&nbsp;&nbsp;&nbsp;&nbsp;&nbsp; 041 970 46 10<\/p>\n\n\n\n<p>E-Mail:&nbsp;&nbsp;&nbsp;&nbsp;&nbsp;&nbsp;&nbsp;&nbsp;&nbsp;&nbsp;&nbsp;&nbsp;&nbsp;&nbsp;&nbsp;&nbsp; info@msrwillisau.ch<\/p>\n\n\n\n<p>Homepage:&nbsp;&nbsp;&nbsp;&nbsp;&nbsp;&nbsp;&nbsp;&nbsp;&nbsp; www.musikschuleregionwillisau.ch<\/p>\n\n\n\n<p>Sie finden uns auch auf Facebook. Wir freuen uns, wenn auch sie ein Teil unserer Community werden:<\/p>\n\n\n\n<figure class=\"wp-block-image size-full\"><img loading=\"lazy\" decoding=\"async\" width=\"198\" height=\"200\" src=\"http:\/\/schule-fischbach.ch\/site\/wp-content\/uploads\/2023\/01\/Musikschule_qr_fb.png\" alt=\"\" class=\"wp-image-2892\"\/><figcaption class=\"wp-element-caption\">Facebook<\/figcaption><\/figure>\n","protected":false},"excerpt":{"rendered":"<p>Eine Musikschule f\u00fcr die ganze Region! Per 1. August 2022 haben sich die Musikschulen Hergiswil-Menznau, Region Sch\u00f6tz und Luzerner Hinterland der Musikschule Region Willisau angeschlossen. Dem Gemeindeverband der Musikschule Region Willisau geh\u00f6ren folgende Gemeinden an: Alberswil, Altb\u00fcron, Egolzwil, Ettiswil, Fischbach, Grossdietwil, Hergiswil b.W., Luthern, Menznau, Sch\u00f6tz, Ufhusen, Willisau und Zell. Die Musikschule ist der Verbandsleitung [&hellip;]<\/p>\n","protected":false},"author":1,"featured_media":0,"parent":72,"menu_order":4,"comment_status":"closed","ping_status":"closed","template":"","meta":{"_et_pb_use_builder":"","_et_pb_old_content":"","_et_gb_content_width":"","footnotes":""},"class_list":["post-2884","page","type-page","status-publish","hentry"],"_links":{"self":[{"href":"http:\/\/schule-fischbach.ch\/site\/index.php\/wp-json\/wp\/v2\/pages\/2884","targetHints":{"allow":["GET"]}}],"collection":[{"href":"http:\/\/schule-fischbach.ch\/site\/index.php\/wp-json\/wp\/v2\/pages"}],"about":[{"href":"http:\/\/schule-fischbach.ch\/site\/index.php\/wp-json\/wp\/v2\/types\/page"}],"author":[{"embeddable":true,"href":"http:\/\/schule-fischbach.ch\/site\/index.php\/wp-json\/wp\/v2\/users\/1"}],"replies":[{"embeddable":true,"href":"http:\/\/schule-fischbach.ch\/site\/index.php\/wp-json\/wp\/v2\/comments?post=2884"}],"version-history":[{"count":4,"href":"http:\/\/schule-fischbach.ch\/site\/index.php\/wp-json\/wp\/v2\/pages\/2884\/revisions"}],"predecessor-version":[{"id":3412,"href":"http:\/\/schule-fischbach.ch\/site\/index.php\/wp-json\/wp\/v2\/pages\/2884\/revisions\/3412"}],"up":[{"embeddable":true,"href":"http:\/\/schule-fischbach.ch\/site\/index.php\/wp-json\/wp\/v2\/pages\/72"}],"wp:attachment":[{"href":"http:\/\/schule-fischbach.ch\/site\/index.php\/wp-json\/wp\/v2\/media?parent=2884"}],"curies":[{"name":"wp","href":"https:\/\/api.w.org\/{rel}","templated":true}]}}